ive of 11*v**5/60 - 11*v**4/3 - v**3/6 - v**2 - 27*v. Let o be x(8). Let j(i) = 19*i**3 + 2*i**2 + 2*i + 1. Give j(o).
-18
Let t(v) = 22*v + 23. Let h be 24 - 34 - -7 - (0 + 4/(-2)). Give t(h).
1
Let i = -4 - -3. Let o(u) = -1 + 30*u + 11*u - 54*u + 3*u + 12*u. Calculate o(i).
-3
Suppose 8*j - 12*j = 16. Let o be (j/2 + 2)/(-1 + -1). Let c be (3 - 1) + 1 + o/6. Let d(i) = -i + 1. Determine d(c).
-2
Let l(j) = -2*j**3 - 2*j**2 - j + 2. Suppose -23*x = -45 + 22. What is l(x)?
-3
Let g(b) = -b + 33. Let j be -2 - (6 - (52 + -13)). Give g(j).
2
Let o = 118 - 116. Suppose 9 = -w - 5*d, -o*w - 2*d = -w. Let g(m) = -3*m - 400 + 398 + m**2 - 3*m. What is g(w)?
-2
Let d(s) = 5*s - 4. Let x(g) be the second derivative of -3/2*g**3 - 14*g + 0 + 4*g**2. Let n(y) = 5*d(y) + 3*x(y). Calculate n(6).
-8
Let j be 6/(-12)*3*-2. Let f(n) = -n**3 - 5*n**j - 4*n**3 + 0*n**3. What is f(-1)?
10
Let m(w) = w - 18. Let v be -1 + (1 - 1) + 220/55. Determine m(v).
-15
Suppose -14*x + 104*x = 17*x - 219. Let i(m) = -m**2 + 2*m + 25. What is i(x)?
10
Let r(l) = l**2 + 10*l - 9. Let w be 25*((-40)/(-25))/4. Let j be (-1 - -1)*((-45)/w + 5). Suppose 5*m = t - 0*t + 26, -4*t + m - 47 = j. Calculate r(t).
2
Let u(z) = -z**2 - 26*z - 98. Let s be u(-22). Let h(g) = -g**3 - 12*g**2 - 22*g - 32. Calculate h(s).
-12
Suppose -127 = 28*q - 16 + 29. Let j(f) = f**3 + 6*f**2 + 9*f + 1. Give j(q).
-19
Let g(y) = -28*y + 35. Let f(r) = 17*r - 34. Let h(k) = -4*f(k) - 3*g(k). Give h(-2).
-1
Let g(h) = -20*h**3 - 3*h**2 - 2*h + 9. Let t(u) = -22*u**3 - 4*u**2 - 2*u + 10. Let n(s) = -9*g(s) + 8*t(s). What is n(3)?
68
Let l = 2824 - 2827. Let u(h) = -h**3 + 4*h + 1. Give u(l).
16
Suppose -129 + 45 = 28*i. Let q(x) = x**2 + 5*x + 6. Give q(i).
0
Let t(m) = -30*m**2 + 3*m + 8. Let l(r) = 64*r**2 - 5*r - 14. Let u(w) = 4*l(w) + 7*t(w). Let a = 6 + -7. Determine u(a).
45
Let c be (40/(-12))/(8 - 290/30). Let b(s) be the third derivative of -s**5/60 - s**4/8 + s**3/3 - 2*s**2. Calculate b(c).
-8
Let y(a) = 33*a + 37*a + 38 + 11 - 14 - 74*a. Calculate y(9).
-1
Let k(i) = -97*i**2 + 57*i - 13. Let n(y) = -45*y**2 + 28*y - 8. Let u(s) = 6*k(s) - 13*n(s). Calculate u(6).
2
Let b(i) = -i + 8. Suppose 407*h - 68 = 403*h. What is b(h)?
-9
Let y(d) be the first derivative of 5*d**2 + 82*d - 8255. What is y(-7)?
12
Let u(x) be the third derivative of -x**4/24 - 3*x**2. Let j(h) = -2*h + 2. Let y(q) = 2*j(q) - 5*u(q). What is y(-3)?
1
Suppose -x + 38*i = 33*i + 8, -4*x = -5*i + 62. Let h(a) = -a**2 - 20*a - 47. Give h(x).
-11
Suppose -2*p = -3*u + 16, 7*u + 5 = 2*u - 3*p. Let y(n) = 24*n**2 + 34*n**2 - n**3 + 6 + 4*n - 53*n**u. Calculate y(6).
-6
Let q(c) = -36*c**3 - 10*c**2 + 11*c + 46. Let b(a) = 13*a**3 + 3*a**2 - 3*a - 16. Let w(r) = 11*b(r) + 4*q(r). Determine w(-8).
-16
Let x be -3 - (69 + 1)/(-10). Suppose 0 = -x*c - 9 - 7. Let m(d) = d**2 + 4*d - 3. Give m(c).
-3
Let j(x) be the first derivative of 2*x**2 - 11*x + 2312. Suppose 4*a = -0*a + 16. Give j(a).
5
Suppose 4*h - 26 = 3*x, -h = 2*h - x - 22. Let z(r) = -642433*r - 7 + 1 + 642434*r. Give z(h).
2
Let b be (3078/(-5643))/((-6)/22). Let n(x) be the first derivative of -1/3*x**3 - 3*x**b + 2 - x. What is n(-5)?
4
Let b(j) = -j**3 + 2*j + 6. Suppose -145*c + 144*c = -3. Suppose 2*q + 5*a = 6*q - 5, q - c = 3*a. Determine b(q).
6
Let t(f) = f**2 - 20*f + 13. Suppose -293*p + 297*p - 108 = 4*u, -p = -5*u - 59. Calculate t(p).
-6
Let g(r) = r**3 - r - 2. Suppose j + 5 = 7. Suppose f - 18 = 4*z - 0*z, 0 = j*z + 8. Suppose 4*m = 4*b - 2*b + 8, -5*b - f = -m. Give g(b).
-2
Let x = 1555 - 1549. Let f(v) = -v**3 + 12*v**2 - 5*v + 10. Let b(g) = -g**2 - 1. Suppose 25 + 0 = -5*q. Let z(u) = q*b(u) - f(u). Give z(x).
-11
Let h = -3 - 5. Let s(o) = 105*o + 104*o + 104*o - 411*o + 4 + 96*o. Give s(h).
20
Let q be 6/(-11) + (-1955)/(-55). Let h(p) = -7*p + 232. Determine h(q).
-13
Let v(a) = 8*a**2 - a. Suppose 4*y + 30 = 3*z, -3*z = 1763*y - 1766*y - 24. What is v(z)?
30
Let g(z) be the first derivative of 1/3*z**3 + 2*z**2 + 189 - 18*z. Determine g(-7).
3
Let k(a) = -a**2 + 6*a - 1. Suppose -3*v - 3*b + 80 = 2*b, -v + 24 = 3*b. Suppose 0 = -10*l + 4*l + v. Calculate k(l).
4
Let j be ((-8)/68 - (-96)/(-340))*5. Let g(b) = -3*b**3 - b**2 - 4*b - 7. Determine g(j).
21
Let x(q) = 827*q - 1633*q + 810*q - 1. Determine x(7).
27
Let a be ((-20)/(-8) - 1)/(51/(-544)). Let w(o) = 2*o**2 + 32*o - 8. What is w(a)?
-8
Let d be 56/(-28)*5*1. Let g(f) = f**3 + 9*f**2 - 11*f - 13. Let n be g(d). Let s(p) = 4*p + 6. Let u(h) = 3*h + 4. Let i(k) = n*u(k) + 2*s(k). Give i(-6).
6
Let d(t) = 6*t - 79. Suppose -p - 25 = 5*j - 76, 0 = 4*p + 5*j - 99. Give d(p).
17
Let j(d) = 29*d**2 + 152*d - 5. Let r(l) = -5*l**2 - 27*l + 1. Let u(m) = -6*j(m) - 34*r(m). Give u(4).
-44
Let u(j) be the third derivative of -j**5/60 - j**4/12 - j**3/6 + 51*j**2. Suppose 5*i + 4 = -r - 5, -3*r + 3 = 0. Let q be (i + 1)/(-2)*-6. What is u(q)?
-4
Let q(r) = -r**2 - 30*r - 16. Let s be q(-29). Let b(y) = 37*y**2 - 17*y - 5. Let o(h) = -17*h**2 + 8*h + 2. Let u(d) = s*o(d) + 6*b(d). What is u(3)?
11
Let p(g) be the third derivative of g**6/120 - g**5/4 + 2*g**4/3 - 11*g**3/3 + 4202*g**2. Give p(14).
6
Let k(i) = 4*i - 3. Let d(b) = -6*b**2 - 38*b - 11. Let f be d(-5). Let h(v) = -v**2 - 8*v + 12. Let t be h(-9). Suppose 30*z - t = f*z. Give k(z).
9
Suppose 2*f = -6, -2*p = 14*f - 9*f - 2715. Let k(s) = 1361 - 2725 + p + 5*s. Calculate k(-5).
-24
Let u(x) be the second derivative of x**4/12 + 41*x**3/6 + 106*x**2 - 137*x + 7. Give u(-35).
2
Let n(f) = -2*f**2 - f + 1. Let i(a) = -11*a**2 + 12*a - 32. Let c(r) = i(r) - 6*n(r). Calculate c(-20).
2
Let m(r) be the first derivative of -3*r**4/4 - r**3/3 + 4*r**2 + 3*r - 258. Let f(j) = 4*j**3 + j**2 - 9*j - 4. Let d(n) = -2*f(n) - 3*m(n). Give d(-3).
-1
Let r be -4 + (-484)/(-30) + 2 + 64/(-30). Let v(b) be the first derivative of -r - 1/2*b**2 - 3*b. Calculate v(-4).
1
Let u(z) = -3*z**2 + 2*z - 1. Suppose 5*k = w - 7 + 8, 1 = k. Suppose 0*f + 4*f = 8, -w*b + f = -6. Calculate u(b).
-9
Let b(w) be the first derivative of -2*w**3/3 - 8*w**2 - 3*w - 207. Let z(k) = 6*k**2 + 45*k + 9. Let i(m) = -8*b(m) - 3*z(m). Give i(-5).
-18
Let f(t) = 6*t - 9. Let p be -9 - (64/48)/(2/(-6)). Determine f(p).
-39
Let v(j) = -j**2 + 6*j + 1. Let r(y) be the first derivative of y**3/3 + 10*y**2 - 90*y + 47. Let h be r(-24). Calculate v(h).
1
Let r be (-4)/(8/(-5) - -2). Let i(u) = 11*u - 2. Let w(j) = 43*j - 27. Let k(x) = -4*i(x) + w(x). What is k(r)?
-9
Suppose 2 = -x - 5*h, 0 = -5*h + 4*h. Let v(f) = -f**2 + f - 1. Let j = -18 + 24. Let p(b) = 2*b**3 - 5*b**2 + 4*b - 5. Let c(t) = j*v(t) - p(t). Give c(x).
7
Suppose 17*q - 16*q = 36. Let d(a) = q + 35 + 13*a**2 - 83 - a**3 + a. What is d(13)?
1
Let r(q) = -2*q**2 - 2*q + 38. Let k be r(0). Let j(d) = -37*d**3 - 3*d - d**2 - 1 + k*d**3 + 4*d**2 - 3. Suppose -h + 4*h = -9. Give j(h).
5
Let c be (-4 + -7)*8/16*2. Let m(g) = -g - 9. What is m(c)?
2
Let u(z) = -z**3 - 5*z**2 + 3*z + 2. Let x(t) = -3*t**3 - 24*t**2 - 8*t + 4. Let j(c) = 2*u(c) - x(c). Calculate j(-13).
-13
Let t(a) be the second derivative of -a**7/2520 - a**6/90 - a**5/30 - a**4/3 + 2*a**3/3 + 3*a - 4. Let s(l) be the third derivative of t(l). What is s(-7)?
3
Let p(w) = 6*w**3 + 6*w**2 + 5*w - 12. Let b(x) = 5*x**3 + 6*x**2 + 5*x - 11. Let i(j) = -5*b(j) + 4*p(j). Suppose -1126*r = -1042*r + 420. What is i(r)?
7
Suppose 3 = -3*l - 12. Let q(j) = j. Let w(s) = -2 - 1 + 299*s - 293*s + 0. Let g(y) = l*q(y) + w(y). Determine g(-3).
-6
Let a(s) = -54*s - 371. Let y be 189/6*444/(-1998). Determine a(y).
7
Let s be (3*1/9 - 0)*(15 + -3). Suppose -2*n + 3 = -n. Let z(t) = 4*t**2 - t - 1 - 1 - n*t**2. What is z(s)?
10
Let c(s) = -48*s**3 + s**2 + 4*s + 4. Let t be c(-2). Let i(w) = -w + t*w**3 - 193*w**3 - 7*w**2 - 9 - 192*w**3. Give i(-7).
-2
Let l(a) = 2*a + 6. Let u(o) = -o**2 - 6*o + 8. Let f(d) = -9*d**3 - 2*d**2. Let w be f(1). Let c be w*(-3 - -4) + 3. Let i be u(c). Give l(i).
-10
Let l be (-11)/(-3) - 8/12. Suppose 4*y - l*j = 25, 0 = -2*y - 0*j + 4*j + 20. Let g be 5 - 3/y*4. Let p(b) = b**2 - 2*b - 2. Give p(g).
-2
Let r(h) = 13 - 15 + h**2 - 2*h**2 + 0*h**2 - 6*h. Suppose -a - 8*a = -2*a. Suppose a = s - 3 + 7. Give r(s).
6
Let b(i) be the third de